
Let i(t) = 106*t + 3016. What is i(-34)?
-588
Let i(u) = -549*u - 8229. Calculate i(-15).
6
Let m(q) = 18*q**2 - 26*q - 13. What is m(2)?
7
Let z(p) = -67*p + 1470. Give z(26).
-272
Let h(n) = -29*n**2 + 147*n + 4. Calculate h(4).
128
Let k(i) = i**2 + 252*i + 3285. Calculate k(-14).
-47
Let q(r) = -r**2 - 57*r - 857. Determine q(-25).
-57
Let r(o) = 46*o + 95. What is r(-3)?
-43
Let i(l) = 113*l - 114. Determine i(1).
-1
Let v(w) = -18061*w + 18062. What is v(1)?
1
Let c(d) = -2*d**2 - 34*d - 66. What is c(-15)?
-6
Let w(d) = d**2 - 72*d - 1631. Calculate w(-18).
-11
Let v(q) = 3*q + 89. What is v(-5)?
74
Let u(l) = -2*l**2 - 46*l + 490. Determine u(8).
-6
Let c(z) = -z - 19. Give c(15).
-34
Let j(z) = -472*z + 2097. Calculate j(4).
209
Let b(a) = 150*a - 1340. Calculate b(9).
10
Let i(b) = -b**3 - 16*b**2 + 33*b + 293. What is i(-17)?
21
Let c(a) = 2*a**3 + 43*a**2 - 171*a + 62. Determine c(-25).
-38
Let u(c) = -10*c**2 - 201*c + 941. What is u(-24)?
5
Let u(r) = 4983*r + 338848. What is u(-68)?
4
Let s(k) = -32*k - 2199. Calculate s(-69).
9
Let f(q) = -q**3 + 8*q**2 - 19*q + 163. Give f(8).
11
Let k(f) = -f**3 + 3*f**2 - 10*f + 25. What is k(2)?
9
Let f(z) = -13*z + 90. Give f(16).
-118
Let a(d) = 7*d - 341. Determine a(38).
-75
Let v(n) = 221*n + 642. Give v(-3).
-21
Let i(u) = -u**2 + 4*u - 14. Calculate i(0).
-14
Let g(s) = -s**3 - 10*s**2 + 20*s - 199. Calculate g(-14).
305
Let i(m) = 5*m**2 + 92*m - 58. Calculate i(-18).
-94
Let v(a) = 17*a - 7. Calculate v(-3).
-58
Let j(v) = v**3 + 16*v**2 + 48*v - 107. Give j(-10).
13
Let b(u) = -7*u**2 + 345*u + 2193. Determine b(55).
-7
Let u(f) = 4*f**2 - 405*f + 2059. Give u(5).
134
Let d(p) = 28*p - 120. Calculate d(5).
20
Let x(i) = 5*i**2 + 6*i + 80. Give x(8).
448
Let l(d) = -126*d - 497. Determine l(-6).
259
Let f(q) = 7*q**2 - 358*q - 20. Give f(51).
-71
Let d(p) = -p**3 + 19*p**2 - 22*p + 426. Determine d(19).
8
Let h(b) = 4*b**2 - 130*b - 51. Determine h(33).
15
Let x(u) = 2*u**3 + 41*u**2 + 35*u + 1. Determine x(-20).
-299
Let t(k) = 2*k**3 + 10*k**2 - 4*k + 4. Give t(-5).
24
Let s(i) = -i**3 - 62*i**2 - 697*i - 43212. Calculate s(-62).
2
Let w(b) = -4*b**2 + 85*b + 73. Calculate w(22).
7
Let s(u) = -8*u**2 + 22*u + 54. Give s(-2).
-22
Let i(q) = -q**3 + 14*q**2 - 15*q + 25. Give i(3).
79
Let v(x) = 11*x**3 - 12*x**2 - 5*x + 43. What is v(-3)?
-347
Let y(g) = g**3 - 5*g**2 - 4*g - 22. Give y(5).
-42
Let t(z) = 244*z - 278. Give t(1).
-34
Let u(w) = -246*w - 3701. Calculate u(-15).
-11
Let j(s) = s**2 - 53*s + 279. Determine j(47).
-3
Let a(w) = w**3 - 57*w**2 + 505*w + 14. What is a(11)?
3
Let a(l) = -l**3 + 14*l**2 + 5*l - 183. Determine a(16).
-615
Let w(h) = -38*h**2 - 297*h - 223. Calculate w(-7).
-6
Let b(p) = 2*p**3 - 3*p**2 - 169*p - 9. Give b(10).
1
Let v(i) = i**3 + 16*i**2 + 15*i + 355. Calculate v(-17).
-189
Let x(p) = 5*p - 471. What is x(-25)?
-596
Let b(f) = -f**3 + 9*f**2 - 84*f + 771. Calculate b(9).
15
Let k(y) = -718*y + 348. Give k(2).
-1088
Let s(k) = 4*k**2 - 67*k + 264. Give s(9).
-15
Let p(l) = 502*l + 9089. What is p(-18)?
53
Let w(s) = 10*s**2 - 38*s - 5. Determine w(7).
219
Let w(t) = -664*t**2 - 11*t + 2. Give w(1).
-673
Let s(m) = -455*m + 14105. Calculate s(31).
0
Let w(m) = m**3 - 241*m**2 - 1735*m + 1. Calculate w(-7).
-6
Let b(j) = 2*j**2 + 48*j - 329. Calculate b(6).
31
Let g(n) = 162*n - 159. What is g(-2)?
-483
Let a(z) = -59*z**2 + 21*z + 11. Give a(1).
-27
Let d(x) = 598*x + 2181. Determine d(-4).
-211
Let y(i) = i**3 + 22*i**2 + 91*i + 108. Give y(-17).
6
Let j(u) = u**3 + 20*u**2 + 19*u + 1314. Give j(-22).
-72
Let j(a) = -2*a**3 - 27*a**2 - 24*a - 127. Give j(-13).
16
Let q(z) = 2*z + 5. Give q(1).
7
Let j(l) = -l**3 - 10*l**2 + 48*l + 235. What is j(-13)?
118
Let l(w) = 2*w**3 - 24*w**2 - 8*w + 138. Determine l(12).
42
Let u(g) = 14*g + 599. Determine u(-39).
53
Let c(i) = -22*i**3 + 2*i**2 - i - 2. Determine c(1).
-23
Let m(h) = -5*h**3 + 232*h**2 + 385*h - 14. Give m(48).
34
Let c(r) = -r**3 - 57*r**2 + 121*r + 96. Calculate c(-59).
-81
Let q(v) = 18*v + 600. Calculate q(-34).
-12
Let u(p) = -2*p**3 + p**2 - 2*p - 7. What is u(-2)?
17
Let r(k) = -5*k**2 + 113*k + 32. What is r(23)?
-14
Let y(o) = 2*o**3 - 12*o**2 + 15*o - 79. Determine y(5).
-54
Let w(q) = 333*q - 5298. Calculate w(16).
30
Let p(l) = -720*l + 1364. Give p(3).
-796
Let y(n) = 38*n + 591. Determine y(-15).
21
Let r(p) = -5*p**3 - 49*p**2 + 7*p - 46. Calculate r(-10).
-16
Let n(v) = 147*v + 27698. Give n(-188).
62
Let b(k) = 4*k**3 + 18*k**2 + k - 27. Determine b(-5).
-82
Let a(s) = 5*s**3 - 7*s**2 - 2*s + 1. Give a(5).
441
Let i(d) = 5*d**3 - 174*d**2 - 37*d + 51. Calculate i(35).
-19
Let s(p) = -46*p - 30. What is s(4)?
-214
Let y(g) = -1657*g - 144155. Give y(-87).
4
Let v(f) = -579*f - 9849. Calculate v(-17).
-6
Let n(a) = 2*a**3 - 174*a**2 + 168*a + 342. Determine n(86).
-2
Let l(k) = -90*k + 373. Determine l(7).
-257
Let b(x) = x**3 + 4*x**2 - 4*x - 10. What is b(-5)?
-15
Let c(d) = -3*d**2 + 26*d - 12. What is c(-8)?
-412
Let c(r) = 2*r**3 - 100*r**2 - 106*r + 18. Calculate c(51).
-186
Let b(i) = 2*i - 313. Give b(38).
-237
Let n(m) = -38*m + 343. What is n(9)?
1
Let c(s) = 248*s - 4920. What is c(21)?
288
Let a(u) = u**3 - 15*u**2 - 116*u + 1758. What is a(14)?
-62
Let p(l) = -l**2 + 24*l - 93. What is p(6)?
15
Let m(r) = 351*r + 2465. Determine m(-7).
8
Let b(s) = s**3 + 43*s**2 - 17*s - 2488. Give b(-42).
-10
Let a(z) = -2*z + 74. Calculate a(-18).
110
Let h(t) = -4*t**3 + 5*t**2 - 26*t + 45. Calculate h(2).
-19
Let n(x) = -x**3 + 25*x**2 - 106*x + 31. What is n(6)?
79
Let s(j) = j**3 - 4*j**2 - 21*j - 144. Give s(0).
-144
Let r(w) = w**2 - 3*w - 94. Determine r(18).
176
Let d(o) = 24*o - 441. Give d(15).
-81
Let i(p) = p**3 - 55*p**2 + 736*p + 15. Give i(32).
15
Let g(n) = -n**3 - 35*n**2 - 62*n + 109. Give g(-33).
-23
Let j(q) = 11*q**2 - 208*q + 114. Calculate j(19).
133
Let f(m) = 1568*m - 12549. Give f(8).
-5
Let k(f) = -f**3 + 18*f**2 - 23*f + 30. Determine k(15).
360
Let t(x) = 9*x**2 + 5*x - 22. Determine t(-5).
178
Let d(s) = -2623*s - 13116. Determine d(-5).
-1
Let v(t) = t**2 + 79*t - 2465. Calculate v(24).
7
Let k(o) = 74*o - 3325. Give k(45).
5
Let n(b) = -1246*b + 170703. What is n(137)?
1
Let f(y) = -y**3 - 52*y**2 - 45*y + 299. Give f(-51).
-7
Let z(t) = -15*t**2 - 25*t - 50. Determine z(-2).
-60
Let k(z) = -2*z**2 - 183*z + 2713. Give k(13).
-4
Let k(g) = 3*g + 174. What is k(-91)?
-99
Let x(t) = -7*t - 32. Determine x(-3).
-11
Let x(f) = -226*f - 1391. Calculate x(-6).
-35
Let c(a) = a**3 - 3*a**2 + 79*a - 157. Determine c(2).
-3
Let a(d) = -d**2 - 44*d + 1390. Give a(-69).
-335
Let i(g) = 120*g**3 - 11*g**2 + 10*g - 1. Determine i(1).
118
Let w(v) = -65*v - 359. Calculate w(-5).
-34
Let g(d) = d**3 + 9*d**2 + 49*d + 301. Calculate g(-8).
-27
Let c(w) = 154*w - 460. Calculate c(3).
2
Let d(s) = -s**2 - 20*s + 1. Give d(-5).
76
Let d(m) = m**3 - m**2 - 18*m + 139. Give d(-6).
-5
Let a(l) = -l**3 + 4*l**2 - 13*l + 17. Determine a(3).
-13
Let h(b) = 17*b**3 - b**2 - 5*b + 5. What is h(2)?
127
Let x(p) = -p**3 - 22*p**2 + 99*p - 37. What is x(-26)?
93
Let b(y) = y**2 + 29*y - 172. Give b(5).
-2
Let z(q) = q**2 - 22*q + 116. What is z(8)?
4
Let y(d) = -15*d**2 + 186*d - 19. Calculate y(12).
53
Let s(k) = k**3 + 40*k**2 - 40*k + 33. Determine s(-41).
-8
Let y(a) = 179*a - 19340. What is y(108)?
-8
Let c(a) = a**3 - 37*a**2 + 164*a + 25. What is c(6)?
-107
Let t(b) = 77*b + 1369. What is t(-19)?
-94
Let w(h) = 2*h**3 + 55*h**2 + 367*h + 159. Determine w(-17).
-11
Let d(g) = 400*g - 11190. Determine d(28).
10
Let l(a) = a**3 + 3*a**2 + 37*a + 157. Give l(-6).
-173
Let n(x) = -3*x**3 + 134*x**2 + 44*x + 38. Calculate n(45).
-7
Let x(b) = 49*b + 350. What is x(-7)?
7
Let q(z) = -2*z**2 + 112*z + 228. Determine q(-2).
-4
Let s(q) = 26312*q + 78942. Calculate s(-3).
6
Let q(z) = z**3 + 20*z**2 + 25*z + 87. Give q(-19).
-27
Let i(v) = -6*v**2 + 38*v + 160. Give i(-3).
-8
Let y(b) = -435*b + 1085. Calculate y(3).
-220
Let p(s) = s**3 + 5*s**2 + 2*s + 1. Give p(-4).
9
Let l(a) = -2*a**3 - a**2 + 12*a - 394. Determine l(0).
-394
Let b(h) = -126*h + 278. Determine b(2).
26
Let p(n) = -843*n - 6748. Determine p(-8).
-4
Let k(c) = -c**3 - 25*c**2 - 21*c + 518. Deter